late -38 - (131 - 120 - -7).
-56
(0 - ((5 - 1) + -1)) + -11 + 60 + -87
-41
Calculate (-5 - -78 - (1 - 0)) + -46 + 30 + 5.
61
Evaluate -22 + (-26 - -34) + (-3 - 0) + -5 + -86.
-108
What is the value of (42 - 6) + (13 - (16 - -9)) - -13?
37
Calculate (-18 - 17) + 10 + 8 + 1.
-16
What is the value of 1 - (95 - (55 - 19))?
-58
Evaluate -250 + 242 + (0 + 0 - (21 + 36)).
-65
What is (2 - -3) + -13 + -15 + 43?
20
Evaluate 35 + (-34 - -13) - (-36 + -1).
51
What is the value of 12 + -108 - 14 - (-131 + 119)?
-98
What is 86 - (73 - 31) - 104 - -36?
-24
What is 22 - -1 - (111 + 4 - 32)?
-60
What is the value of -10 + (3 - -18 - 18) - (4 - (-2 + 7))?
-6
What is the value of -8 - (-3 - (-2 + -12) - (41 + -24 + 37))?
35
-4 - ((-83 - -80) + 2 + -11)
8
What is the value of (2 - (-12 + 12 + (2 - -11))) + 20?
9
(95 - 95) + -76 - -144
68
What is the value of (-3 - 10) + (-6 - -11 - -7)?
-1
What is 50 + 1 - ((90 - 199) + 124)?
36
-3 - (-12 - (-38 - -20)) - -11
2
What is (-11181 - -11171) + 56 + 0 + 2?
48
-113 - (-40 + 118 + -84)
-107
62 + ((36 - 7) + -25 - (19 + 2))
45
130 + (-159 - (-6 - 112))
89
What is the value of 8 + (-7 - 9) - (-8 - 6 - -7)?
-1
Evaluate (4 - (-4 - -3) - (-174 - -176)) + -11.
-8
15 + (0 - 21) + 0 + 1 + 7 + 0
2
Calculate 28 + 23 + (3 - (-41 + 31)).
64
-1 + -2 - (-1 + (19 - 0 - (-2 + 21)))
-2
What is -3 - (9 + 4 - (24 - 21)) - -8?
-5
What is 59 - (-33 - (-97 - -37))?
32
What is 76 + -178 + 25 - 13?
-90
(-25 + 165 - 9) + -53
78
What is -4 + (73 - (-87 - -126))?
30
What is 11 + (24 - (-1 - -22)) + 46?
60
What is the value of (-6 - 12) + -4 + 5 + -7 - -25?
1
(-7 - (-11 + 2 - 1) - -3) + (20 - 54)
-28
What is the value of -5 + (49 - (73 - 37))?
8
What is the value of -39 - (6 + (-14 - 38))?
7
What is the value of -7604 + 7576 - (-12 + (2 - 2))?
-16
11 + (-93 - -16) - (15 - 31)
-50
Evaluate 18 - (488 + -526 - (34 + 1)).
91
(-2 - (-4 + 1) - (-15 + 22)) + (-2 - 10)
-18
What is (14 + -21 - (-1 - (-4 - -2))) + (12 - -14)?
18
236 + -208 + (10 - (39 + 1))
-2
What is -29 + 68 + -33 + (2 - 16) - 24?
-32
Calculate (2 - 57) + -39 + (9 - -42).
-43
What is 147 + -1 - (-1742 - -1824)?
64
What is the value of 2 - -11 - (-2 + (20 - 19) + (-8 - -6))?
16
(-2 + -2 - 1 - -13) + 0 + (-20 - -62)
50
Evaluate 2 - 11 - 3 - (91 - 56 - 19).
-28
What is the value of (19 - 14) + 19 - (-37 + -20)?
81
Evaluate -108 - -108 - (0 + (-6 - -12 - -35)).
-41
Calculate -22 + 1 + (52 - 49) + -9.
-27
What is 32 - (-44 + (-2 - (-7 - 12)))?
59
What is 71 + -43 + -54 - 24?
-50
(-8 + 3 + -28 - 2) + (-14 - (-10 - 3))
-36
What is the value of (-11 + (27 - 18) - 1) + (1 - (32 - -1))?
-35
Evaluate -49 + (-1 + -31 + 29 - (1 - -1 - 0)).
-54
What is (15 - 5) + -31 + 10 + -17?
-28
-18 + -21 + -11 - (-4 + 10 - -12)
-68
What is the value of -92 + 31 + -8 + 59?
-10
What is the value of (-2 - -16) + 34 + (43 + -13 - 24)?
54
Calculate -29 + (129 - 82) - (-9 + -1).
28
What is the value of 1 - -2 - (-24 - -4 - (-689 - -642))?
-24
-51 + 27 + -74 + 48
-50
What is the value of (-13 - -11 - 23) + 57 - (-1 - -6)?
27
What is the value of 2 + -66 - (-77 + 1)?
12
-65 - -66 - (-13 + -2 + -5)
21
What is -21 + (1 - (-14 + 7)) + (-110 - -107)?
-16
Calculate 8 - (6 + (-18 - -15) - 10) - 3.
12
What is (-2 - (-10 + -7 + 15 + 0 + -24)) + 3?
27
Calculate -24 - (3 - (2 - -2)) - (-1392 - -1392).
-23
Evaluate 27 + 46 + -63 - 13 - -41.
38
Evaluate -55 + 4746 + -4752 + (-2 + 2 + 2 - 7).
-66
What is 11 + -71 - (13 + 21 + -29)?
-65
Evaluate (-107 - 24) + -27 + -12 + 45.
-125
10 + (31 - -25 - 28) - -104
142
-15 + (-13 - -9) + 63 - 17
27
Calculate 90 + 28 + -121 - (-14 + -2).
13
What is 44 + -64 + 26 - -6?
12
1 + 13 + (-317 - -321) - (91 + 8)
-81
What is (5 - (105 - 100 - (1 + 2))) + -37?
-34
What is (-12 - -1) + -16 - (8 + 13)?
-48
Calculate (4 + 24 + -75 - -16) + 90.
59
What is -1 + -4 + -15 - ((4 + 1 - 4) + 6)?
-27
(3 - 2) + (-145 - -166) - -6
28
What is 43 - (2 + 1 - (-7 - (-75 + 66)))?
42
Calculate -349 + -40 + 468 - (-16 + 0).
95
Calculate (-31 - 13) + 229 + -193.
-8
256 + -363 + (43 - -15)
-49
What is 85 - -38 - (71 + -31 + -17)?
100
Evaluate 575 + -588 - ((-2 + -57 - 2) + 0).
48
-68 + -34 + 57 + -36 + -1 + 3 + 3
-76
Evaluate 27 + (-126 - (35 - 109)).
-25
51 - ((54 - 49) + 47)
-1
What is (17 - (10 + -17 - -23 - -2)) + 58?
57
What is 39 + (49 - 148 - -114)?
54
What is (-119 - 104) + 115 - -24?
-84
What is -18 - -5 - (-3 + (-7 - (-16 + (7 - 2))))?
-14
Calculate -73 + 118 + (-173 - -78).
-50
Evaluate 4 - -54 - 0 - (-418 + 410).
66
-8 + -19 + 61 + 7
41
What is the value of (2 - -5 - 2 - 14) + (22 - 32)?
-19
-11 - (-1 - (-10 - -12)) - (27 + 3 + -2)
-36
What is the value of (56 - (-4 - 35)) + -48?
47
13 + (-39 + 42 - (-6 + -4 - 8))
34
Calculate 174 + -167 - (-4 - -64).
-53
What is 3 + (13 + -1 - (13 - 3 - 1)) - 17?
-11
Evaluate 9 + (49 + 1 - (844 + -856)).
71
What is -43 + -36 + -12 + 89?
-2
Evaluate (-44 - ((-13 - -64) + -8)) + (5 - 0) + 2.
-80
26 - (8 + (-9 - -1) - -13) - 17
-4
What is the value of 160 + 145 + -318 - (3 - -58)?
-74
Calculate -51 - (-42 + 32 + -14 - -32).
-59
What is the value of 19 + (-79 - (-15 + 20) - (-10 + 10))?
-65
Calculate 389 + -362 - (-1 - 16).
44
-75 + 1 + -3 + (-1 - -13) + (20 - 27)
-72
What is the value of -4 - (-14 - -22) - (-15 + (15 - 2))?
-10
What is 38 + (3 - 43) + 40 + -138?
-100
Calculate 26 + 11 - 14 - (-5 - (0 + 3 - 2)).
29
Calculate -6 + (-11 - (3 - 14)) + 2 + 6.
2
What is the value of -89 - (-1 - (-38 + 72))?
-54
Evaluate (15 - 1) + (40 - -59 - 13) + -26.
74
-7 - 21 - (8 - 66)
30
Evaluate 37 + (13 + 6 - (87 + -81)).
50
What is -4 + 1 + 39 + 524 + -534?
26
What is the value of 54 + 31 + -9 + -18?
58
What is the value of (-1 + -5 - -13 - 11) + (-22 - (-14 + -14))?
2
(-2445 - -2433) + (2 - (16 - 2))
-24
Calculate 1 + 13 - ((1 - (-16 - -34)) + 20) - 47.
-36
What is the value of 3 - 4 - -16 - (-835 + 811)?
39
Evaluate 196 + (-134 - 62) + -2 + 72 + -2.
68
What is the value of 16 - (35 + 75 + -157)?
63
Calculate -70 - (-72 - 27) - 0.
29
Evaluate -16 + (2 - 3) + (134 - 23) + -116.
-22
Calculate 22 - (-9 + 20 + 3) - 25.
-17
Evaluate 0 + 102 - (-134 + 179).
57
Calculate (11 - ((1 - -2) + 4 + (-65 - -74))) + 47.
42
What is the value of -47 + 45 - (8 - (30 + 6))?
26
What is -3 + -10 + (-23 - (-22 - -6) - 16)?
-36
Calculate (-18 - (32 - 41)) + 6 - -6.
3
Evaluate 26 - (104 - 2) - (1 - 7) - -9.
-61
-20 + (-37 - (22 + -50)) + 95
66
Calculate (-3 - (-5 + 40)) + 205 + -224.
-57
Evaluate -748 + 791 - (24 + -2).
21
Evaluate -58 - (4 + (-16 - 7) + 1).
-40
What is (-2825 - -2832) + (0 + (1 - -2) + 25 - 0)?
35
(-4746 - -4624) + 2 + 46
-74
(-7 - -2) + 14 - (4 - 6 - 105 - -5)
111
What is the value of -38 + (-22 + 14 - -19) + -18?
-45
What is -21 - ((-210 - -153) + (19 - (-7 + 5)))?
15
What is 17 + (30 - (80 + -2) - 1)?
-32
What is the value of -3 + -8 - (234 + -257)?
12
Calculate 2 + -34 - (-286 - -303).
-49
(3 - 5 - (6 + 1)) + 2 - (-82 - -2)
73
What is 0 + 6 + -24 + (64 - 14)?
32
Evaluate 73 + (33 - (63 - 17)).
60
What is the value of (-127 - -4) + (-8 - (-70 - -36))?
-97
What is the value of (-72 - ((-19 - -40) + -67)) + -102?
-128
Calculate (2 - (-2 + -3)) + -887 + 785.
-95
0 + 56 + (1 + -6 - (-17 - (-23 + 2)))
47
Calculate -72 - (-96 + 36) - 64.
-76
What is 3 + 1 + -3 + (-23 - (-12 + -14))?
4
Evaluate (5 - 18) + 9 + (5 - -80) + -1 - 6.
74
What is the value of -8713 - -8660 - (-1 + (2 - (-2 - 4)))?
-60
What is -74 + (-15 - -85) + -67 + 3 + (-13 - -2)?
-79
What is (17 - (4 - (-2 - 2))) + -17 - 19?
-27
Calculate -12 - ((-648 - -658) + 21 + 2).
-45
(-6 - 5) + 16 + 55 + -23
37
What is -12 - (18 - (38 + -25 + 14))?
-3
Evaluate 41 - ((22 - (-1 - -20)) + 13).
25
Evaluate -2 + -42 + 2 + -42 + 33 + -7 + -1.
-59
Calculate -10 + 4 + 12 + -2 + -16 + -15.
-27
What is the value of -25 + 152 + -141 + (-15 - 1)?
-30
Calculate 59 + (-3 - 3) - 4 - (4 + -6).
51
What is the value of (-1240 - -1262) + (-25 - 2)?
-5
What is the value of -46 + (-70 - -38) + 38?
-40
What is -16 + (19 + 11 - 33) + 5?
-14
What is 75 + -4 + (-11 - (-23 + 10) - 11)?
62
What is the value of -31 - (-96 + 48 - -54)?
-37
79 + (0 + 3 - 0) - (-110 + -9 + 108)
93
Calculate 11 + (34 - 20 - 26) + 31.
30
What is the value of 4 - (255 - 257 - (-11 + -3 + 0))?
-8
What is 14 + (28 - 7) + -4 + -1 + 2 + 4?
36
Calculate (-8 - 2) + (11 - 7) + (31 - -1 - 9).
17
What is